-120)) + (-5 - 3) + -4.
98
Calculate 2 + -13 + (96 - 95) + -19.
-29
Calculate -55 + -34 + 83 + 24.
18
What is (51 + -3 - 2) + -1 - -3 - (-867 - -873)?
42
What is the value of (90 - (-43 - (-13 - -3 - 15))) + 3?
111
What is the value of 23 + (558 - 542) + (-6 - 0)?
33
What is 49 - (-1 + (13 - 7) - (-3 + 11))?
52
What is the value of -51 - 0 - (26 + (-108 - -100) - (10 - 1))?
-60
Evaluate (-25 - -1) + (320 - 235) + -3.
58
What is the value of -10 + (-28 - (-17 - -4)) + (-2 - (5 - 1))?
-31
Calculate 115 + -99 - 58 - -68.
26
Evaluate -19 + 22 + -8 + (1 - 14) - 11.
-29
Evaluate -31 - (16 - 4 - 58).
15
What is the value of 0 + 7 + -52 + -3 - (-75 - -81)?
-54
(14 - 13) + -8 + (2 + 1 - (17 - 34))
13
What is the value of 0 + -98 - ((-28 - 12 - -15) + 40)?
-113
What is the value of (12 - (13 - 7)) + -11 + 9 + -1?
3
What is the value of -10 + 20 + -48 + 11?
-27
3 + -3 + -51 - (11655 - 11654)
-52
-12 + 3 + (11 - -23) + (-1 - 3)
21
10 - (1 + 13) - (1 - 40) - -2
37
Calculate 0 + -15 + -1 + -78 + 53 + 15.
-26
Evaluate 6 + (15 - 17) + -13 + (22 + 0 - 7).
6
What is -67 - (63 + -123 + 41)?
-48
Calculate -1 + -4 + (13 - 9 - 5 - 31).
-37
What is (20 - 3 - (106 + -54)) + -10?
-45
Evaluate -17 + 54 + -45 + 1 + 34.
27
Calculate (1 - 7 - (-7 + -1 + (-54 - -62))) + -30.
-36
What is (31 - 76 - 25 - (-1 + -3)) + 5 + -21?
-82
What is the value of -7 + (48 + -27 - 3) - -15?
26
Calculate -4 + 145 + (75 - (66 - -11)).
139
60 + -93 + (-2 + 5 - 8) + 12
-26
Evaluate -34 + -11 + 34 - -63.
52
What is -120 + 66 + 96 + (8 - 151)?
-101
What is the value of 0 + (90 - 0) + (499 - 514) + 3 + 7?
85
Evaluate (12 + -1 - (37 - 21)) + -13 - -35.
17
15 - -1 - (-7 + (-8 - (0 - 12))) - 3
16
What is the value of 20 - -7 - (7 + -7 - (-8 + -1 - -4))?
22
0 + 44 + -384 + 348 - 147
-139
Calculate -15 + (-37 + 24 - -61) + 0 + -7.
26
What is 61 + (-1372 - -1368) + (0 - 2 - -1) - -2?
58
What is -23 + (-24 + 31 + -24 - -89)?
49
20 - (-10 + 35) - (0 + 1) - (34 - -7)
-47
Calculate 90 + -168 + 67 + 57.
46
What is (-53 - -105) + -43 - 50?
-41
Calculate 16 + -11 + (-4 + 0 - -4) - -2 - 4.
3
Calculate (-11 + -8 - (-12 - -2)) + (-2 - -8) + -31.
-34
Evaluate 76 + -38 - (-37 - (-14 - 0)) - (-12 - -1).
72
What is 27 + (-71 - (-8 - (11 - 26)))?
-51
Evaluate 32 + (15 - 25) - 15 - 17.
-10
(12 - (-5 + (2 - -5) - 26)) + -10
26
Calculate -18 + 2 + 3 + 166 + -130.
23
Calculate 5 + -26 + -58 + 21.
-58
Evaluate -4 + -2 - (-14 - -2) - (-100 + 15 - -6).
85
-42 + 34 + (12 + -22 - -21)
3
What is 63 - (7 + (4 - 14) + -4 + 7 + 1)?
62
Calculate -2 + 24 + (67 - (54 + 27)).
8
(22 + -4 - 4) + (-72 - -91)
33
What is -40 + -31 + 67 + 71?
67
Calculate 7 + (-16 - (-17 - -15)) - 52.
-59
Evaluate -9 - (9 - (4 - (-13 + (6 - (7 + -6))))).
-6
What is the value of 42 + 0 + (15 - -9 - 13) + -19?
34
What is (32 + -17 + 4 - 20) + -21?
-22
Evaluate -2 - 0 - (25 - (-13 + -7 - -21)).
-26
(1574 - 1629) + (62 - 0) - (-1 - 4 - -1)
11
What is -44 + (46 + 1 - 2)?
1
What is the value of (16 + (-1 - -3) - (-43 + 41)) + -6?
14
Calculate 23 - ((-58 - -33) + 29).
19
What is the value of 69 + -2 - (-35 - (36 - (2 - -90)))?
46
Evaluate 10 + 13 + -14 + 2 + 3 + -40.
-26
What is the value of -78 + (-67 - -93) + 8?
-44
51 - (65 - 20) - (-1 - -16) - (3 + -13)
1
(-5 - -5) + -11 + (11 - (2 - -1))
-3
Evaluate (16 - -17) + -53 + 19 - ((3 - -79) + -2).
-81
Evaluate -66 + 79 + -74 + 14.
-47
Evaluate 3508 + -3530 + (23 - 0).
1
What is the value of (-66 + 4 - 13) + 4?
-71
73 - ((29 - -36) + -64)
72
What is 63 + -39 - 2 - (8 + -4)?
18
Evaluate -6 + 0 + (530 + -247 - 271).
6
Evaluate (24 - 1 - 77) + 13.
-41
What is (23 + -1 - 2) + -116 + (-11 - -232)?
125
83 - (21 - (65 - 180))
-53
Evaluate 139 + -262 + 164 + -45.
-4
What is -30 + 5 + -5 - (-6 + -1 + 4)?
-27
112 - (56 - (126 - 68))
114
(0 + (10 - 3) - (425 + -326)) + 23
-69
Calculate 26 + (-23 - -17) - -6.
26
What is the value of 170 + -134 - (61 - -2)?
-27
Calculate 5 - -44 - (27 - -6 - 30).
46
What is (-9 - 1 - -6) + 11 - -21?
28
Calculate -4 - (1 + -35 - (-6 - -70 - 54)).
40
Calculate 31 + -40 + 10 - -76.
77
Calculate 1490 + -1516 - (-1 + 43 + -2).
-66
-3 + 24 + -55 + (-45 - -45)
-34
Evaluate -145 - (27 - 48 - 9 - -3).
-118
Calculate 21 - 14 - (85 - (5 + -9 + 3 - 2)).
-81
What is the value of 4 + -1 + 1 - (-74 - (122 + -187))?
13
Evaluate 167 - (88 + 28 - 63).
114
(-15 - 87) + (-97 - -108)
-91
What is (-30 - 0) + (9 - -28) + -34?
-27
Calculate (-6 - ((5 - 31) + 9 + 4) - 21) + 100.
86
Calculate 50 - ((-4213 - -4159) + (32 - 0)).
72
27 + -22 + -22 + 20 - (-9 - -36)
-24
What is the value of 16 - 31 - (-99 + 95)?
-11
32 + 2 + (2 - -29)
65
What is (59 - 38) + (26 - (9 - 2))?
40
Calculate 6 - (8 - (16 + (-16 - -8))) - (29 - 33).
10
-9 + -3 + -17 + (-11 - -9 - 7)
-38
Evaluate -431 - -404 - (-3 - (4 + -28)).
-48
-34 + 33 + 8 - 19 - (-19 + (3 - 1))
5
Calculate 56 + 10 + -12 + (5 - 6 - -11).
64
Calculate -145 + 91 + (30 - (1 - -8)).
-33
Evaluate -13 - ((7 - -40) + (-80 - -50)).
-30
What is (34 - 32) + -49 + 31?
-16
1 + 427 + -420 + 1 + -3 + -61
-55
What is the value of (9 - (1 + 0)) + 1 + (70 - (176 + -111))?
14
Calculate 13 + (-5 + 60 - 17) + -16.
35
What is the value of (402 - 389) + 22 + 0 + -26 - (0 - 4)?
13
Calculate 36 + (-15 - (6 + 10 - 12)).
17
Calculate 425 + -311 + (-8 - (10 + 5 + -10)).
101
Calculate -10 + 0 + 156 + (29 - (6 + 32)) - -12.
149
63 + -16 + -7 + (-6 - (-5 + 0 - 5))
44
Evaluate 0 + -4 + 13 + (15 + 42 - -8) + 1.
75
What is the value of (8 + -53 - -5) + 45?
5
Calculate -7 + (35 - 37) + -31 + -8.
-48
What is (30 - (36 - -18)) + -16?
-40
Calculate -9 - (61 + (19 - ((-4 - -12) + 2)) + -14).
-65
58 + (-36 - -56 - -6) + 1 + -3 + -7
75
Calculate (-13 - -8 - -13) + 4 + 0 + 2.
14
Evaluate (-29 - 4) + (157 - -21 - 68).
77
18 - (-20 + 30 - -22)
-14
What is -3 + (-22 - -34) + (4 - 9) + 3?
7
What is (-74 - (165 + -102)) + 139?
2
Evaluate 165 + -167 + 40 + -2.
36
What is -53 + 18 + 43 - (0 + 9)?
-1
Calculate (3 + 16 - (-33 - -30 - -14)) + -1 + 26.
33
What is (0 - -1) + (19 - 3) + -1 + 17?
33
What is the value of -3 + 0 + 550 + -569 - 45?
-67
3 + (1 - 3) + (8 - -62) + -38
33
Calculate 154 + 64 - 109 - 20.
89
Evaluate -43 + 71 - 20 - -1.
9
What is (-13 + 6 - (-16 - 4)) + -1 + -58?
-46
(-23 - -23 - -6 - -28) + 9
43
(6 + -20 - -56 - 23) + -120 + -5
-106
What is the value of -27 + 139 + 41 + -45 - 19?
89
What is the value of -86 + (0 + 28 + 1 + -34 - (5 + -2))?
-94
Calculate 114 - 128 - (-30 + -4) - (0 + 91).
-71
Evaluate -29 + 38 + -77 - -10.
-58
What is the value of -76 + 156 + -97 + 51?
34
6 + (-17 - (-12 - -13)) - (4 - -2)
-18
71 + (-1 - -9) - (-7 + 10 - (-1 + 8))
83
26923 - 26953 - (-155 + 1)
124
Evaluate -130 - -93 - -23 - (20 - (-1 - 1)).
-36
What is the value of -466 + 445 + 68 + -3 + -7 + 0?
37
Calculate 23 + (-13 - -2) + -29 + 18.
1
Calculate 174 - 102 - (-6 - -9).
69
-47 + 56 + -94 + 93
8
Calculate 241 + -233 - (-6 - 45).
59
Evaluate -5 + (27 - (8 - (8 - -9))).
31
-12 + 56 + (-6 - (3 + -10 - -9))
36
Evaluate 0 + -5 - ((27 - 46) + (10 - -2) - -39).
-37
What is -2 - (0 + 4) - (-522 + 267 - -110)?
139
What is -40 - (20 - -6 - 96)?
30
What is the value of (9 + 0 - (707 + -692)) + 23 - 51?
-34
(-84 + 28 - -13) + -85 + 20
-108
What is (-371 - -361) + (-11 - -7 - (0 + -11)) + -8?
-11
What is the value of (2 - 3 - -2) + -31 + (74 - 121) + 54?
-23
Calculate 3 - -3 - (-7 + (37 - 8)).
-16
What is -20 + (-9 - -102) - 95?
-22
What is the value of 15 + (1 + 21 - (-62 + 90)) + (-1 - -51)?
59
Calculate -87 + 0 - (165 - 116 - (-3 - -47)).
-92
Calculate -7 + -17 + 64 + -28.
12
Evaluate -54 - (-11 - (-17 + -20 + 20 - 13)).
-73
Calculate 203 + -197 + (-12 - -11 - (2 - (34 + -3))).
34
What is the value of (-21697 - -21709) + 85 + -1?
96
Calculate (-4 - ((-25 - -11) + 6)) + 2 + -7 + 6.
5
What is 122 + -1 - (-17 + 16) - (-482 + 495) - 8?
101
What is the value of 4 - 0 - (16 - (-27 - (-11 + -16)))?
-12
Calculate (-8 - -25 - 10) + 3 - (-21 + -4 + -1).
36
What is (-37 - -37 - (3 + (1 - 106))) + 12 - 6?
108
Calculate 80 + -8 - (53 - -4).
15
Calculate -134 + (36 - -38) + -6.
-66
21 - 0 - (4965 - 4991)
47
Calculate -43 + -4 + 30 + 29 - -29.
41
What is 25 - (18 - 16 - -22) - (-95 - -3 - -1)?
92
127 + -125 + (0 - 17) + (-6 - -51)
30
What is -22 - -21 - 22 - -1 - 10?
-32
What is 10 + 3 + 48 + -16?
45
Evaluate 5 + (7 - (-9 + 1)) + 11 + 7.
38
(-